hest common divisor of 28462 and 38.
38
What is the highest common divisor of 155 and 93?
31
Calculate the greatest common factor of 1632 and 1224.
408
Calculate the greatest common factor of 53 and 848.
53
What is the highest common divisor of 13350 and 300?
150
What is the greatest common divisor of 952 and 17?
17
What is the highest common divisor of 304 and 247?
19
What is the highest common factor of 34 and 306?
34
Calculate the greatest common factor of 24 and 584.
8
Calculate the highest common divisor of 681 and 4540.
227
What is the greatest common factor of 12 and 126?
6
Calculate the greatest common factor of 1833 and 1551.
141
Calculate the greatest common factor of 1452 and 96.
12
What is the greatest common divisor of 25 and 50?
25
Calculate the greatest common divisor of 136 and 5100.
68
Calculate the highest common divisor of 1225 and 35.
35
Calculate the greatest common factor of 294 and 1260.
42
Calculate the highest common factor of 1030 and 10.
10
Calculate the highest common factor of 735 and 630.
105
Calculate the greatest common divisor of 190 and 8170.
190
Calculate the highest common divisor of 1265 and 385.
55
Calculate the greatest common divisor of 224 and 3346.
14
Calculate the highest common divisor of 209 and 1881.
209
What is the greatest common divisor of 96 and 816?
48
Calculate the highest common factor of 60 and 320.
20
Calculate the greatest common divisor of 143 and 4213.
11
What is the greatest common factor of 77 and 319?
11
Calculate the highest common factor of 3890 and 20.
10
Calculate the greatest common divisor of 15 and 195.
15
What is the highest common factor of 60 and 425?
5
What is the greatest common divisor of 442 and 39559?
221
What is the greatest common divisor of 4536 and 216?
216
What is the greatest common divisor of 25312 and 64?
32
Calculate the greatest common factor of 312 and 30.
6
What is the highest common divisor of 35 and 1379?
7
Calculate the greatest common divisor of 35 and 770.
35
What is the highest common divisor of 140 and 35?
35
Calculate the highest common divisor of 1674 and 27.
27
Calculate the highest common divisor of 378 and 18.
18
What is the highest common divisor of 63 and 2763?
9
What is the highest common factor of 66 and 814?
22
What is the greatest common divisor of 7 and 91?
7
Calculate the highest common divisor of 136 and 12274.
34
Calculate the greatest common factor of 520 and 13.
13
What is the highest common factor of 304 and 2014?
38
What is the greatest common divisor of 532 and 38?
38
Calculate the greatest common factor of 285 and 3895.
95
What is the greatest common divisor of 19 and 152?
19
What is the greatest common divisor of 65 and 160?
5
Calculate the greatest common factor of 29 and 4843.
29
What is the greatest common divisor of 26 and 9542?
26
Calculate the highest common factor of 104 and 2938.
26
What is the greatest common divisor of 3237 and 39?
39
Calculate the highest common factor of 64 and 1.
1
What is the greatest common divisor of 128 and 80?
16
Calculate the highest common divisor of 14 and 5.
1
Calculate the greatest common factor of 621 and 138.
69
What is the highest common factor of 255 and 3145?
85
Calculate the highest common divisor of 136 and 68.
68
What is the highest common factor of 67 and 67?
67
Calculate the highest common factor of 240 and 48.
48
Calculate the greatest common factor of 33 and 363.
33
Calculate the highest common divisor of 844 and 28.
4
What is the highest common divisor of 115 and 8878?
23
Calculate the highest common factor of 18 and 2718.
18
What is the greatest common factor of 483 and 105?
21
Calculate the greatest common factor of 5921 and 31.
31
Calculate the highest common divisor of 1170 and 320.
10
What is the greatest common divisor of 175 and 28?
7
Calculate the greatest common factor of 1554 and 420.
42
Calculate the greatest common factor of 27 and 252.
9
What is the greatest common factor of 860 and 60?
20
Calculate the highest common divisor of 14 and 14.
14
Calculate the highest common factor of 26 and 11206.
26
Calculate the highest common divisor of 15 and 530.
5
What is the greatest common factor of 58 and 6?
2
What is the highest common divisor of 92 and 3404?
92
What is the highest common factor of 108 and 864?
108
Calculate the greatest common divisor of 2416 and 16.
16
Calculate the highest common divisor of 5463 and 117.
9
Calculate the greatest common factor of 28 and 371.
7
What is the greatest common divisor of 32 and 44?
4
Calculate the highest common divisor of 31338 and 18.
18
Calculate the greatest common factor of 3 and 5.
1
What is the highest common divisor of 11 and 9?
1
What is the greatest common factor of 20 and 505?
5
What is the highest common factor of 18 and 18729?
9
What is the highest common divisor of 187 and 21131?
187
Calculate the highest common divisor of 10904 and 47.
47
What is the highest common factor of 7910 and 70?
70
Calculate the highest common divisor of 4232 and 16.
8
Calculate the highest common factor of 12 and 2664.
12
Calculate the greatest common factor of 64 and 88.
8
What is the highest common divisor of 448 and 2912?
224
Calculate the greatest common factor of 21 and 798.
21
What is the greatest common divisor of 5 and 35?
5
Calculate the greatest common factor of 201 and 123.
3
Calculate the greatest common factor of 126 and 10458.
126
What is the greatest common divisor of 39 and 1144?
13
Calculate the greatest common factor of 52 and 48.
4
Calculate the highest common factor of 20 and 430.
10
What is the greatest common factor of 144 and 4560?
48
What is the highest common factor of 33 and 1056?
33
Calculate the highest common divisor of 816 and 144.
48
What is the greatest common factor of 368 and 23?
23
What is the highest common factor of 162 and 27?
27
What is the highest common divisor of 384 and 84?
12
Calculate the highest common factor of 1276 and 8.
4
What is the highest common divisor of 1515 and 60?
15
Calculate the highest common factor of 10 and 4.
2
Calculate the highest common divisor of 454 and 2.
2
What is the highest common factor of 129 and 2365?
43
What is the greatest common divisor of 1565 and 5?
5
What is the highest common factor of 1710 and 144?
18
Calculate the greatest common factor of 8 and 376.
8
What is the greatest common factor of 4410 and 18?
18
Calculate the greatest common factor of 552 and 16.
8
What is the greatest common factor of 15 and 33765?
15
Calculate the greatest common factor of 2 and 8502.
2
What is the highest common factor of 42 and 3?
3
What is the highest common divisor of 380 and 38?
38
What is the greatest common divisor of 222 and 24346?
74
What is the greatest common divisor of 7881 and 111?
111
Calculate the highest common divisor of 10 and 9690.
10
What is the highest common divisor of 36 and 306?
18
Calculate the highest common factor of 7810 and 330.
110
What is the highest common divisor of 5 and 6415?
5
What is the greatest common divisor of 1696 and 530?
106
What is the highest common factor of 158 and 4?
2
Calculate the greatest common divisor of 108 and 36.
36
Calculate the greatest common divisor of 84 and 228.
12
What is the greatest common factor of 2 and 7?
1
Calculate the highest common factor of 1460 and 860.
20
What is the greatest common factor of 105 and 120?
15
What is the greatest common divisor of 8 and 136?
8
Calculate the highest common factor of 48 and 1464.
24
Calculate the greatest common divisor of 437 and 23.
23
Calculate the highest common divisor of 78 and 260.
26
Calculate the highest common factor of 42 and 33.
3
Calculate the greatest common factor of 1146 and 6.
6
What is the greatest common factor of 68 and 16?
4
What is the highest common factor of 638 and 44?
22
Calculate the greatest common divisor of 1370 and 10.
10
Calculate the greatest common divisor of 6 and 26.
2
Calculate the highest common factor of 1185 and 10.
5
Calculate the greatest common factor of 10 and 4295.
5
Calculate the highest common factor of 913 and 99.
11
Calculate the highest common divisor of 36 and 4.
4
Calculate the highest common factor of 143 and 847.
11
What is the highest common factor of 621 and 27?
27
Calculate the greatest common factor of 69 an